 g = 175 + -171. Suppose -54 = -5*k - 2*n, -6*k + 3*k + 24 = g*n. What is the greatest common divisor of k and 168?
12
Suppose 6*t = 5*t - 5*b + 54, 5*t - 218 = b. Suppose -t*g + 30*g + 126 = 0. What is the greatest common divisor of 27 and g?
9
Suppose 0 = -5*b + 2861 - 2811. What is the greatest common divisor of 13710 and b?
10
Let c = 21284 + -21258. What is the highest common divisor of 8333 and c?
13
Let n be 4/5 - ((-24927)/35 + -7). Calculate the highest common divisor of 216 and n.
72
Suppose 3900 = -276*u + 142*u + 154*u. Calculate the greatest common divisor of u and 135.
15
Suppose -29*a + 21 = -22*a. Suppose a = 2*u - 5*b, 2*b - 3 - 15 = -4*u. Calculate the highest common divisor of u and 36.
4
Suppose -5*a = -2*s + 21 - 33, -3*s + 82 = 5*a. Let j = 45 - -160. Let w = j + -93. Calculate the highest common factor of w and s.
14
Let b be (532/(-21))/1*-12. Let u = b + -280. Let a(i) = i + 8. Let j be a(0). Calculate the greatest common factor of j and u.
8
Let n = 468 + -268. Let a be -7 - (36/4 + -26). What is the highest common divisor of n and a?
10
Suppose -323 = -17938*t + 17921*t. Suppose 4*j - 15 = 61. Calculate the highest common factor of t and j.
19
Let i be (-28)/(-4)*-1*3. Let b be ((-234)/42)/(3/i). What is the greatest common divisor of b and 182?
13
Suppose -6*t = -15*t. Suppose t = -2*k - 10, -5*j + 345 = 5*k - 15. Calculate the highest common factor of j and 7.
7
Let o(t) = -t**3 + 28*t**2 - 23*t - 435. Let p be o(26). Calculate the highest common divisor of 374 and p.
11
Suppose k - 924 = -6. Calculate the highest common divisor of k and 102.
102
Let q be ((-60)/57)/10 - 20693/(-19). Suppose 1263 = 6*l - q. What is the highest common divisor of 49 and l?
49
Let s = -5907 + 6339. What is the greatest common factor of 1836 and s?
108
Let t = -9 - -11. Suppose 1 = 5*z + 21. Let f be 13 - (z + 3 + -4). Calculate the greatest common divisor of f and t.
2
Suppose 5*m + 4*q = 1116, m + 3*q - 157 = 75. Let p be (-3 + (-9)/(-2))*24*(-20)/(-18). What is the greatest common factor of p and m?
20
Let m be (-2)/(-9) + 1072/(-216)*-6. Let n = 77 + -54. Suppose 0 = -t - 3 + n. What is the highest common factor of m and t?
10
Let o = -1626 + 1769. What is the highest common factor of o and 5434?
143
Let j = 350 + 209. Let p = -229 + j. Calculate the highest common divisor of 132 and p.
66
Let t be (11 - 11)/(2 - 4). Suppose t = -6*u + 2347 + 917. What is the greatest common factor of 34 and u?
34
Let a be 6/5 - (-15808)/160. What is the highest common factor of 450 and a?
50
Let d(w) = -486*w + 49366. Let r be d(101). Let v be ((-14)/(-4))/(1/32). Calculate the greatest common factor of v and r.
56
Let u = -3766 - -4032. What is the greatest common factor of 6878 and u?
38
Suppose 126*c = 131*c - 4*t - 5768, -4*t + 4600 = 4*c. Suppose f - 55 = -3*w, 0*f + 87 = 5*w - 3*f. Calculate the highest common divisor of c and w.
18
Suppose x - 7 = 1. Let l be ((-4)/(-14))/(1079/(-91) + 12). Suppose l*i = -2*q + x, 4*q + 5*i - 4 = q. Calculate the greatest common divisor of q and 8.
8
Let h(a) be the second derivative of -2*a**3/3 - 29*a. Suppose -15 = 4*m + 13. Let x be h(m). Calculate the greatest common divisor of x and 140.
28
Let u = -5545 + 7178. What is the highest common factor of 23 and u?
23
Suppose -85*z = -73*z - 5832. Let m = z - 452. Suppose -2*o - x + 37 = 0, 4*x + 4 + 1 = o. Calculate the highest common divisor of o and m.
17
Let h be (30/7)/((-87)/(-812)). Let t be (-1)/3*(3 - 0). Let g be (0 + t)*-41 - 1. Calculate the highest common factor of g and h.
40
Suppose 0 = 3*d + 3*w + 867 + 690, -2574 = 5*d - 2*w. Let u = 567 + d. Calculate the greatest common factor of u and 6.
3
Let m(u) = -u**2 + 23*u + 2338. Let f be m(0). Let j be (-1)/(-12) - f/(-168). Suppose -51 = -3*x + 117. Calculate the highest common factor of j and x.
14
Suppose -5463*o + 204 = -5446*o. Calculate the highest common divisor of o and 438.
6
Let x be (-3)/(-2)*308/21. Let u be (-8 + 5)*x/(-6). Calculate the highest common factor of 341 and u.
11
Let b be (37098/(-21))/(21/(-98)). What is the greatest common divisor of b and 72?
36
Let n(d) = 4*d + 136. Let p = 332 + -365. Let l be n(p). Calculate the greatest common factor of l and 36.
4
Suppose 0 = -2*j - 4 + 16. Suppose n + 100 = j*n. Suppose 16*s = n*s - 280. Calculate the highest common divisor of s and 14.
14
Let j be 6*(-5)/(-15) - 6. Let y(h) = h**3 + 3*h**2 - 9*h - 16. Let l be y(j). Calculate the highest common factor of 12 and l.
4
Suppose 649311 - 178891 = 86*s. What is the highest common divisor of 30 and s?
10
Let n = -2249 + 3322. Suppose d + n = 1160. Calculate the highest common divisor of d and 3.
3
Let r = 10 - 35. Let u = 20 - r. Calculate the highest common factor of 60 and u.
15
Let c(l) = 59*l - 4. Let g be c(-4). Let r = 603 + g. Calculate the greatest common divisor of 33 and r.
33
Let p be (-4 - -1)/(53/(-4134)). Let i = p + -206. What is the highest common factor of i and 42?
14
Let q be 30/(-2)*(14 + -15). Suppose -2*m - 2*v = m - 1, 5*v + 3 = -2*m. Suppose -3*b = m - 226. What is the highest common divisor of q and b?
15
Suppose -34056 = -32*l - 4*l. What is the greatest common divisor of 10 and l?
2
Let b = 266 - 256. Suppose -104 - 36 = -b*v. Calculate the highest common divisor of v and 532.
14
Let h(c) = -c**2 + 30*c + 107. Let l be h(32). What is the greatest common factor of l and 989?
43
Let r(q) = -q**3 + 6*q**2 + 22*q - 27. Let s = -472 - -480. Let l be r(s). Calculate the greatest common factor of l and 777.
21
Suppose 0 = -2*x + 6*x - 728. Let a = 186 + x. What is the highest common factor of 8 and a?
8
Let d(b) = b**3 + 54*b**2 - 639*b + 86. Let g be d(-64). What is the greatest common factor of g and 2079?
11
Suppose -364 = -c - 2*u - 3, 4*c - 1468 = -2*u. Calculate the highest common divisor of c and 123.
123
Suppose 4*n - 52 + 24 = 4*z, 2*n = 4*z + 20. Suppose 6*o - 5*o = 1, 5*o - 257 = -n*p. What is the highest common divisor of 294 and p?
21
Suppose 114*c = 217*c - 109*c + 840. Suppose -3*d - 5*l = -245, 6*d + 3*l - 403 = d. What is the highest common factor of c and d?
20
Let m(r) = -r**3 + 8*r**2 + 17*r - 17. Let u be m(9). Suppose -379 = -3*z - 115. What is the greatest common factor of u and z?
11
Let n(v) = 22*v - 694. Let o be n(57). Calculate the greatest common divisor of 64 and o.
16
Suppose 5*x = 8*m - 5*m - 444, 6 = 2*x. Calculate the greatest common divisor of m and 261.
9
Suppose -5280 = 6*g + 14*g. Let t = g - -319. Calculate the greatest common factor of t and 10.
5
Let u(y) = 3*y**2 - 145*y - 37. Let s be u(49). What is the greatest common divisor of 6588 and s?
61
Suppose -f = -3*s + s - 12, f + 2*s + 8 = 0. Suppose -292 = 5*u - 2*v, f*u - 286 = 7*u + 4*v. Let c = -35 - u. What is the greatest common divisor of 161 and c?
23
Suppose -60*m - 31*m = -43278 - 52818. Calculate the highest common factor of 864 and m.
96
Let u(l) = 16*l**2 - 3*l - 3. Let r be u(3). Let q be (56 - 55)/((-3)/(-132)). Calculate the highest common divisor of q and r.
44
Suppose 0 = -3*o - 2*o + 75. Let i be 6 + 5/(o/6). Let s(h) = h**2 - 40*h + 95. Let p be s(39). What is the greatest common factor of p and i?
8
Suppose -3*f = -4*w - 52, 0 = -2*w + 5*w - 4*f + 46. Let a be (4/w)/(1/(-55)). Let b = 110 - a. Calculate the highest common factor of b and 22.
22
Suppose 3*j - 81 = -4*x, -63 = -4*x - 4*j + 7*j. Calculate the highest common divisor of x and 261.
9
Let t be 1*(26 - 4)*2. Let v = 1149 - 377. Suppose -5*s = -v + 222. Calculate the greatest common divisor of s and t.
22
Let t(c) = 2*c**2 + 24*c + 110. Let z be t(-6). Let x be 55 + 1 + 1 + 0. What is the greatest common divisor of z and x?
19
Let j be (1043/298)/(7/444). What is the highest common factor of 111 and j?
111
Let v be 274/14 + (-12)/(-28). Let n = v + -10. What is the greatest common factor of 70 and n?
10
Let j be 3 + 61*45/5. Let z = j - 336. Let h = -4 - -31. What is the greatest common factor of h and z?
27
Suppose 43*j - 17252 = -216514. Let i be j/(-16) + (-48)/(-128). Calculate the highest common divisor of 232 and i.
58
Let f(n) = 45*n**3 + n**2 - n - 2. Let u be f(2). Let p = 87629 - 87589. Calculate the greatest common factor of u and p.
40
Let t = -12 + 15. Suppose -2*u = t*n - 355, -5